 12.
1
What is the remainder when 16213 is divided by 39?
28
What is the remainder when 44648 is divided by 38?
36
What is the remainder when 23442 is divided by 4688?
2
What is the remainder when 7840 is divided by 3893?
54
What is the remainder when 4158 is divided by 4141?
17
What is the remainder when 7987 is divided by 1328?
19
Calculate the remainder when 20740 is divided by 113.
61
What is the remainder when 91 is divided by 25?
16
Calculate the remainder when 8077 is divided by 9.
4
What is the remainder when 7572 is divided by 2059?
1395
Calculate the remainder when 2928 is divided by 170.
38
What is the remainder when 36962 is divided by 237?
227
What is the remainder when 88922 is divided by 494?
2
Calculate the remainder when 1352 is divided by 321.
68
Calculate the remainder when 57410 is divided by 261.
251
What is the remainder when 6221 is divided by 12?
5
Calculate the remainder when 2737373 is divided by 25.
23
Calculate the remainder when 6677 is divided by 556.
5
Calculate the remainder when 36444 is divided by 440.
364
What is the remainder when 507428 is divided by 117?
116
What is the remainder when 4106 is divided by 389?
216
What is the remainder when 2052 is divided by 408?
12
What is the remainder when 7430 is divided by 126?
122
Calculate the remainder when 3449360 is divided by 518.
516
What is the remainder when 58302 is divided by 5300?
2
Calculate the remainder when 23792 is divided by 11.
10
Calculate the remainder when 428 is divided by 35.
8
Calculate the remainder when 88323 is divided by 70.
53
Calculate the remainder when 12683 is divided by 3169.
7
Calculate the remainder when 7679 is divided by 2463.
290
Calculate the remainder when 14458 is divided by 14247.
211
What is the remainder when 1504270 is divided by 56?
54
Calculate the remainder when 528267 is divided by 38.
29
What is the remainder when 17671 is divided by 272?
263
Calculate the remainder when 5051 is divided by 1517.
500
Calculate the remainder when 11132 is divided by 18.
8
Calculate the remainder when 29290 is divided by 2929.
0
Calculate the remainder when 6296 is divided by 197.
189
What is the remainder when 22883 is divided by 1624?
147
Calculate the remainder when 53672 is divided by 281.
1
Calculate the remainder when 9018 is divided by 4481.
56
What is the remainder when 30552 is divided by 10180?
12
Calculate the remainder when 2116 is divided by 135.
91
What is the remainder when 706 is divided by 89?
83
Calculate the remainder when 83201 is divided by 655.
16
What is the remainder when 20814 is divided by 1073?
427
Calculate the remainder when 187651 is divided by 225.
1
What is the remainder when 4641 is divided by 211?
210
What is the remainder when 580861 is divided by 37?
35
Calculate the remainder when 673 is divided by 66.
13
What is the remainder when 5466 is divided by 19?
13
Calculate the remainder when 17797 is divided by 57.
13
Calculate the remainder when 126000 is divided by 117.
108
What is the remainder when 39559 is divided by 39535?
24
What is the remainder when 608 is divided by 93?
50
Calculate the remainder when 1051 is divided by 103.
21
Calculate the remainder when 13090 is divided by 3264.
34
Calculate the remainder when 14669 is divided by 349.
11
Calculate the remainder when 36723 is divided by 9161.
79
Calculate the remainder when 4577 is divided by 2280.
17
What is the remainder when 510220 is divided by 18222?
4
What is the remainder when 209950 is divided by 7775?
25
What is the remainder when 28014 is divided by 13997?
20
Calculate the remainder when 493127 is divided by 1308.
11
What is the remainder when 1540 is divided by 151?
30
Calculate the remainder when 279058 is divided by 59.
47
What is the remainder when 2726490 is divided by 87?
84
What is the remainder when 2475 is divided by 206?
3
Calculate the remainder when 198351 is divided by 339.
36
Calculate the remainder when 155812 is divided by 31162.
2
Calculate the remainder when 41532 is divided by 65.
62
Calculate the remainder when 37132 is divided by 12362.
46
Calculate the remainder when 42421 is divided by 6056.
29
Calculate the remainder when 32552 is divided by 1931.
1656
What is the remainder when 1847549 is divided by 10?
9
What is the remainder when 47912 is divided by 47895?
17
Calculate the remainder when 700030 is divided by 1628.
1618
What is the remainder when 270525 is divided by 6?
3
Calculate the remainder when 1818268 is divided by 53.
50
What is the remainder when 7789 is divided by 3873?
43
Calculate the remainder when 42539 is divided by 74.
63
What is the remainder when 1340339 is divided by 1004?
1003
What is the remainder when 1494 is divided by 168?
150
Calculate the remainder when 27954 is divided by 5559.
159
What is the remainder when 13243 is divided by 323?
0
Calculate the remainder when 20744 is divided by 85.
4
Calculate the remainder when 89307 is divided by 108.
99
What is the remainder when 7567 is divided by 942?
31
What is the remainder when 13149 is divided by 13146?
3
Calculate the remainder when 5204 is divided by 5200.
4
Calculate the remainder when 190204 is divided by 64.
60
What is the remainder when 357019 is divided by 2100?
19
What is the remainder when 7755 is divided by 44?
11
Calculate the remainder when 1897 is divided by 270.
7
What is the remainder when 2484 is divided by 441?
279
What is the remainder when 63386 is divided by 132?
26
What is the remainder when 1253610 is divided by 214?
212
What is the remainder when 30049 is divided by 15011?
27
What is the remainder when 26572 is divided by 8680?
532
What is the remainder when 360218 is divided by 158?
136
What is the remainder when 67116 is divided by 209?
27
Calculate the remainder when 9289 is divided by 4640.
9
Calculate the remainder when 7035 is divided by 182.
119
Calculate the remainder when 10370 is divided by 933.
107
What is the remainder when 1678 is divided by 1294?
384
Calculate the remainder when 1425 is divided by 176.
17
Calculate the remainder when 2891 is divided by 116.
107
Calculate the remainder when 212083 is divided by 42416.
3
What is the remainder when 214358 is divided by 40?
38
Calculate the remainder when 9985 is divided by 765.
40
Calculate the remainder when 3996 is divided by 394.
56
What is the remainder when 19025 is divided by 6?
5
Calculate the remainder when 900190 is divided by 96.
94
Calculate the remainder when 39400 is divided by 116.
76
What is the remainder when 43403 is divided by 17?
2
Calculate the remainder when 238499 is divided by 107.
103
What is the remainder when 440357 is divided by 273?
8
What is the remainder when 23645 is divided by 79?
24
What is the remainder when 5464 is divided by 1093?
1092
Calculate the remainder when 714 is divided by 16.
10
What is the remainder when 11316 is divided by 390?
6
Calculate the remainder when 8144 is divided by 2714.
2
What is the remainder when 113065 is divided by 669?
4
Calculate the remainder when 9743 is divided by 85.
53
What is the remainder when 4684 is divided by 151?
3
Calculate the remainder when 12070 is divided by 807.
772
What is the remainder when 39023 is divided by 421?
291
What is the remainder when 162565 is divided by 1311?
1
Calculate the remainder when 46942 is divided by 105.
7
Calculate the remainder when 538016 is divided by 441.
437
What is the remainder when 594205 is divided by 149?
142
Calculate the remainder when 20003 is divided by 455.
438
Calculate the remainder when 58493 is divided by 6498.
11
What is the remainder when 29116 is divided by 13?
9
Calculate the remainder when 90576 is divided by 2012.
36
What is the remainder when 455 is divided by 282?
173
Calculate the remainder when 32817 is divided by 11.
4
What is the remainder when 7927 is divided by 566?
3
What is the remainder when 213804 is divided by 5482?
6
Calculate the remainder when 7641 is divided by 57.
3
What is the remainder when 7404 is divided by 7363?
41
What is the remainder when 6696 is divided by 20?
16
Calculate the remainder when 699 is divided by 260.
179
What is the remainder when 19885 is divided by 6628?
1
What is the remainder when 16679 is divided by 40?
39
What is the remainder when 342757 is divided by 152?
149
Calculat